se 3*l - 5*f - 6 = 9, 5*f = 0. Is k(l) composite?
True
Suppose 4*n + 2*h - 86 = 0, 5*n = h + 84 + 41. Let r = n + -14. Is r prime?
False
Let l be -63 + 2*(-3)/6. Let x = 150 + l. Is x a composite number?
True
Suppose 0 = 4*d - 2*d - 382. Is d a composite number?
False
Let q(p) = -9*p**3 - 2*p**2 + 3*p - 3. Let n be q(-3). Let h = n - -184. Is h a composite number?
False
Let q be 4/10 - (-146)/10. Let t be (-1)/(q/(-6) + 2). Suppose -t*h + 161 = -h. Is h composite?
True
Let m be (4 + 0)*(-5)/5. Is (-58)/(-8) + m/16 a prime number?
True
Suppose -3*l - r + 22 = 0, 0*l + r = 2*l - 8. Suppose 2*g + 53 = 3*m + 253, 3*m + l = 0. Is g prime?
True
Let m be 3*(1 + 178/6). Let d = 5 + m. Suppose d = s - 190. Is s a prime number?
False
Suppose -5*j + 1912 = -j. Is j a composite number?
True
Suppose 3*a = -2*a + 50. Is a composite?
True
Let v(f) be the third derivative of 1/3*f**3 - 1/24*f**4 + 0 + 0*f + 2*f**2. Is v(0) prime?
True
Let m be (6/(-8))/((-4)/(-320)). Let z = m + 95. Is z composite?
True
Suppose -2*s - 2*s + 69 = 3*i, -2*i + 3*s + 29 = 0. Is i prime?
True
Suppose 4*f = 3*f + 5. Let l be 2/(((-5)/(-2))/f). Suppose 2*t - 41 + 0 = -5*a, 2*t - l*a - 50 = 0. Is t prime?
True
Let h = -53 - -67. Is h composite?
True
Is 2/(-2) - 3 - -1409 a composite number?
True
Suppose -29 = -5*j + 41. Is j composite?
True
Let n = 10 - 7. Suppose -n*r = -r - 130. Is r composite?
True
Is 11635/25 - ((-34)/(-10) - 4) composite?
True
Let f = 10 - 6. Suppose -15 = -f*q + q. Suppose -52 = -q*v - 4*g + 69, -5*v + g + 101 = 0. Is v a prime number?
False
Suppose 6*d = 4*d. Suppose -t = -2*z + 6 - 1, -5*t - 2*z + 35 = d. Suppose 0 = 2*w + t*f - 10*f - 94, -4*w + 2*f + 156 = 0. Is w a composite number?
False
Suppose 65 + 138 = 2*u + o, -2*u + 223 = -3*o. Let n = -23 + 80. Let h = u - n. Is h prime?
True
Suppose -2*v - 3*v - 2255 = 0. Is v/(-4) - 1/(-4) a composite number?
False
Let v = 76 + -35. Suppose 0 = 3*k + 4*f - 86, 2*k = -k + 5*f + v. Is k + 3 + (-2 - 0) a composite number?
False
Let r(p) be the third derivative of -p**5/60 + 2*p**4/3 + 17*p**3/6 + 5*p**2. Is r(12) composite?
True
Suppose 0*u + 2*w + 160 = 2*u, 3*u - 219 = -4*w. Suppose 57 = o - u. Is o a composite number?
True
Suppose 5*p = 4*p - 2*q + 3047, 0 = 3*p - 3*q - 9123. Is p a prime number?
False
Let r = -632 - -1013. Is r a composite number?
True
Suppose 12*t = 11*t - 32. Is 370*-4*4/t prime?
False
Suppose 0*r + 5*s = 3*r - 307, 2*r - s = 200. Suppose y = -2*y + r. Is y a composite number?
True
Suppose -4*o = -16, j + 4 = -j + 3*o. Suppose -2*u + 169 = -4*q + 67, 0 = 3*u + j*q - 153. Suppose -u - 42 = -3*h. Is h a prime number?
True
Let h = 9 + -18. Let z(g) = -6*g + 1. Is z(h) composite?
True
Let k = 171 + 62. Is k a prime number?
True
Let c be -1*(3 - 2)*-3. Is (-3)/2*(-68)/c composite?
True
Suppose 0*n = n - 417. Let y(f) = -18*f + 14. Let c be y(-10). Let o = n - c. Is o a composite number?
False
Let k = 669 - 307. Suppose s = 2*n - k, -3*n - 879 = -8*n - 4*s. Is n a prime number?
True
Let g = -2 - 0. Let m be 16/(-12) - g/(-3). Is ((-49)/(-14))/(m/(-20)) a prime number?
False
Let r be 38/(-1)*9/(-2). Suppose 3*g = r + 318. Is g a prime number?
True
Let j(u) = 1 - 7*u**2 + u - 3 - u**2 - 3*u. Let m(i) = i**2. Let o(k) = -j(k) - 5*m(k). Is o(5) prime?
False
Suppose x + 3*x - 4*m - 244 = 0, -4*x - 5*m + 280 = 0. Suppose 0 = -6*s + s + x. Is s a composite number?
False
Let n(i) = -i**3 - 15*i**2 + 17*i + 4. Is n(-17) prime?
True
Suppose 0 = u - 0 - 3. Suppose 0 = 5*l - u*s - 198, -l + 0*s + 3*s + 42 = 0. Is l composite?
True
Let m(g) = 41*g + 17. Is m(12) prime?
True
Suppose 5*j = -2*k - 8 - 1, -j - 12 = -3*k. Suppose 4*b + 0*q - 331 = q, 0 = -k*b + q + 248. Is b composite?
False
Suppose 5*d + 5*z = 5240, -2*d = -4*z - z - 2075. Suppose 2*u = 4*n + d - 265, u - 378 = -2*n. Let x = -257 + u. Is x prime?
True
Suppose 0 = -3*v - 2 - 22. Is (2/3)/(v/(-804)) a composite number?
False
Let k(r) = -r**3 + r**2 + 3*r - 2. Let j be k(2). Let n(s) = -s - 308. Let v be n(j). Let q = v + 519. Is q prime?
True
Suppose -5*f = 2*m + 47, 4*m + 0*m = 2*f - 82. Is (-2421)/m - (-8)/(-28) composite?
True
Suppose -2*i + 1189 = -541. Is i prime?
False
Suppose 0*j = -j + 51. Let a = -18 + j. Is a prime?
False
Suppose 5*x - 6 = -f - 22, 5*f = 5*x + 40. Suppose 0*y = -2*y + f. Is y a prime number?
True
Let m be 1/(-5) - (-3172)/10. Let i = 538 - m. Suppose 2*b + 3*z - 150 = 0, 5*b = 4*z + i + 108. Is b a prime number?
False
Suppose 2*n - 7*n = 0. Suppose n = -4*w - s + 314, -s = s + 4. Is w a prime number?
True
Suppose 4 = 4*q - 2*a, q - 4*a = 6*q - 18. Suppose 2*p - 4*c = -4, 3*c - c = -p + 2. Is 2 - q - p - -13 prime?
True
Let s(t) = -3*t + 3. Let u be s(2). Is (u - -2)/((-1)/26) a prime number?
False
Let a = 396 - 193. Is a prime?
False
Let p(k) = -11*k**3 - 3*k**2 - k - 4. Is p(-3) a composite number?
False
Let i be (-2 + -1 - -2) + 4. Suppose 0*n = i*n + 798. Is 6/18 - n/3 composite?
False
Suppose 0 = 3*r - 2*q - 6, 3*r + 2*q + 2*q = 24. Suppose -254 = -3*p + b, r*p - 2*b - 2*b - 336 = 0. Is p composite?
True
Let q = -12 - -17. Suppose 5*z - 5*j = -25, -q*z + 3*j - 15 = -0*z. Suppose -3*b + l + 143 = z, 0 = -2*b + 3*b + l - 53. Is b prime?
False
Suppose -f = 3*w + 3, 5*w - 2*f = w - 4. Is 4/(w - (-14)/10) a composite number?
True
Let v = 1923 - 1136. Is v composite?
False
Let r(j) = 4*j**2 - 2*j - 11. Let c(k) = -4*k**2 + k + 10. Let l(h) = -6*c(h) - 5*r(h). Is l(-4) a prime number?
True
Suppose -2*a - o = -209 - 307, 4*o = -2*a + 504. Let k = 93 - a. Let d = -78 - k. Is d composite?
False
Let b be (-1)/(-2) + (-36)/(-8). Suppose -2*a = -4*a + 2*h - 2, 5*a + 5*h = b. Suppose -2*o - 4*w - 17 + 115 = a, 2*w = 4*o - 206. Is o a prime number?
False
Let f(h) = -190*h**3 - 4*h + 1. Let a(w) = w. Let g(s) = -2*a(s) - f(s). Let y = 3 - 2. Is g(y) composite?
False
Suppose -3*i + 1014 = 282. Let m be i - (-1 + 0/2). Suppose -l = 4*l - m. Is l composite?
True
Let r(a) = a**3 + 7*a**2 + 5*a - 6. Let l be r(-6). Is (l + 33 + -2)*3 a prime number?
False
Suppose -5*a - 5*y = 1345, -1365 = 4*a + a - 5*y. Let j(x) = -91*x - 1. Let m be j(5). Let u = a - m. Is u prime?
False
Let k = -116 + -484. Let f = k + 979. Is f a prime number?
True
Let i(y) = -11*y**3 - y**2 + 4*y + 1. Is i(-4) prime?
True
Suppose 9 = j - 4*j, v + 5*j = -8. Let z(u) = -u**3 + 8*u**2 + 4*u. Is z(v) composite?
True
Is 21/14 - (-353)/2*1 composite?
True
Let v be (-3785)/(-5) - (-1 - 0). Is v/3 - (-6)/18 composite?
True
Let d(n) = 4*n**3. Let u be d(1). Suppose -4*v - 5*a + 217 = 0, 3*v - u*a - 84 = 71. Is v a composite number?
False
Suppose 0 = -4*n + 2*d - 2, 0*n - 2*n - 3*d = 5. Let p(s) = -148*s**3 + 21*s**3 - 1 + s**2 + 0*s**2. Is p(n) a prime number?
True
Let q(y) be the second derivative of y**4/4 + 2*y**3/3 + 6*y**2 - 2*y. Is q(11) a composite number?
False
Let t(x) = 192*x**2 + 3*x - 4. Is t(1) a composite number?
False
Suppose 3*p = 2672 - 359. Is p composite?
True
Suppose 745 = -8*o + 13*o. Is o prime?
True
Let r = 853 - 596. Is r prime?
True
Let a be 3/(-15) - 12/15. Let t = a + 3. Suppose -3*g - 4*n + 21 = -t*g, 0 = -2*n. Is g prime?
False
Let t = 680 - 1114. Is t/(-3) + (-1)/(-3) prime?
False
Let b(p) = 100*p**2 - 2*p - 7. Is b(3) a prime number?
True
Let b(v) = -2*v - 4. Let d be b(-4). Suppose d*a - 12 = 0, 0*h - 202 = -2*h - 4*a. Is h composite?
True
Let z be 29/9 - (-4)/(-18). Suppose -75 = 4*q - 2*p + 99, 3*p - 132 = z*q. Let r = q + 82. Is r a composite number?
True
Let n = -59 + 156. Is n prime?
True
Let s(c) = c**2 + c - 5. Suppose 4*w + 3*x = 24, w - 3*x = 6 - 0. Is s(w) composite?
False
Let i = -73 - 293. Let o = i - -557. Is o prime?
True
Suppose 3*f - 2 = -5*j, -3*j - j = 2*f - 4. Is (-337)/(-2) + (-3)/f prime?
False
Suppose -o + 8 = 3*o. Suppose -3*k = 5*p + k + o, -4*k = 12. Is -1 - (-36 + (-4)/p) a composite number?
False
Let h be (-4)/(-3)*(-15)/(-10). Suppose -h*q = -q + 5*d - 104, 2*q - d - 219 = 0. Is q composite?
False
Is (-2)/(1 + 93/(-91)) a prime number?
False
Suppose -4*w + 143 + 205 = 0. Is w a composite number?
True
Suppose -5*g - 180 = -4*m + 76, 3*g = 2*m - 126. Let x = 326 + m. Is x a prime number?
False
Let f(x) = -4*x + 3. Is f(-7) composite?
False
Let i(s) = -629*s - 16. Is i(-9) a prime number?
False
Let u = -5 - -13. Is 4/